en j is divided by 221.
6
Let l = -9557 - -9675. Calculate the remainder when l is divided by 21.
13
Calculate the remainder when ((-285)/19 + -3)/(2/(-25)) is divided by 38.
35
Let o = -286 - -367. Suppose -9*b + 0*b = -o. Suppose 0 = 2*x - 17 + 7, 5*c + x = 535. What is the remainder when c is divided by b?
7
Let g = 10 - 14. Let m be g/(-8) + (-10)/(-4). What is the remainder when (1/m)/((-2)/72*-4) is divided by 3?
0
Suppose -19*t + 10*t = 5*t - 87654. What is the remainder when t is divided by 8?
5
Suppose -92 = -3*d + 2*l, d - 52 = 10*l - 68. Calculate the remainder when 360 is divided by d.
20
Let l be 2/4 - (-196)/8. Suppose -17*k + 532 - 175 = 0. Let z = k + l. Calculate the remainder when z is divided by 12.
10
Let s = -7311 + 7352. Calculate the remainder when s is divided by 27.
14
Let n(m) be the first derivative of -m**4/4 + 4*m**3/3 + 5*m + 16. Let w be n(4). What is the remainder when 25 is divided by (-95)/19*(-3)/w?
1
Let o = -3090 - -3211. What is the remainder when o is divided by 88?
33
Suppose 0 = -t - 5*z + 362, 3*t - 314 - 832 = 5*z. Let o(r) = -2*r**2 - 44*r - 176. Calculate the remainder when t is divided by o(-10).
57
Suppose 3*x - 5*n - 948 = 0, 337 = -4*x + 4*n + 1585. Calculate the remainder when x is divided by 237.
69
Suppose -33*j + 23458 = 9*j - 3380. Let s(b) = b**3 + 3*b**2 - 2*b + 2. Calculate the remainder when j is divided by s(-3).
7
Calculate the remainder when 3265 is divided by 245 + (-19 + 31)*-1.
3
Let l be 1/((-8)/182)*(-120)/15. Suppose 6*g - l = -g. What is the remainder when 127 is divided by g?
23
Let a = 1220 + -1202. Calculate the remainder when 413 is divided by a.
17
Suppose 40*s - 21204 = 43*s - 79*s. Calculate the remainder when s is divided by 47.
44
Let u(q) = 3*q**2 + q - 153. Let r be u(-23). Let g = -861 + r. What is the remainder when g is divided by 46?
44
Let t = -71 + 51. What is the remainder when 46 is divided by (-1)/(((-1)/t)/(1/(-2)))?
6
Let h be 2 + (-1 - 0/3). What is the remainder when 508 - h/5*(-21 + 26) is divided by 85?
82
Let n be (-1 - (-11 - -8)) + 3. Suppose -6*p + 10*p - 148 = 2*w, 2*w = -n*p + 203. What is the remainder when 163 is divided by p?
7
Let z be (160 + 3)/(0 + 1). Let k = z - 137. Calculate the remainder when k is divided by 14.
12
Let a(y) = -5*y**3 + 110*y**2 + 7*y - 150. Let m(v) = -v**2 + 8*v - 6. Let r be m(8). Calculate the remainder when 14 - r*(-2)/(-4) is divided by a(22).
1
Let f(k) = k**3 + 11*k**2 + 23*k + 35. Let i be f(-9). Calculate the remainder when 111 is divided by 8*(-2)/i*5.
7
Let b(m) = -m**3 - 51*m**2 - 137*m + 359. Calculate the remainder when b(-56) is divided by 78.
77
Let w be (1 - 0)*152/(-8). Let g = -14 - w. Suppose -n - t = n, g*n + 3*t + 1 = 0. What is the remainder when 2 is divided by n?
0
Let o(i) = 116*i**2 - 5*i - 4. Calculate the remainder when o(-1) is divided by 77.
40
What is the remainder when (37/4)/(4/16) is divided by 19 - (-14 - 216/(-18))?
16
Suppose 7*d - 2*d + 2*j = 4550, -2*d = -4*j - 1796. Suppose 16*r - 756 = d. What is the remainder when r is divided by 12?
8
Suppose 123*x - 18033 = -1428. Calculate the remainder when x is divided by 88.
47
Suppose 3*c - 10690 = -10585. Let i be (-11)/4 - (-1)/(-4). What is the remainder when c is divided by (-25)/(-3) - 2/i?
8
Suppose 0 = j - 3*g - 17, -154*g + 150*g - 22 = -j. Suppose y - 2*y = -23. Let b = -8 + y. Calculate the remainder when b is divided by j.
1
Let j(s) = 333*s - 5968. Calculate the remainder when 445 is divided by j(18).
3
Let r(n) = -36 - 45*n**2 + 24*n**2 + 19*n**2 + 39 - 32*n + 19. Let o be 1 + -17 + (-1 - -1). What is the remainder when 57 is divided by r(o)?
13
Suppose 48*n - 40*n = 360. Suppose 2*g - 4*g + 76 = 0. Let t = n - g. What is the remainder when 30 is divided by t?
2
Suppose -4*l + 2*b = -90, 3*b - 4 - 1 = -l. Let c(p) = p**3 + 9*p**2 - p + 7. Suppose 2*n + 5 = -11. What is the remainder when c(n) is divided by l?
19
Let j(a) = a**3 - 35*a**2 - 35*a - 14. Let r be j(36). Let o = r + -18. Calculate the remainder when 29 is divided by o.
1
Let h = 4 - 4. Suppose h = 3*m - 8 + 2. Suppose 3*g - 2 + 7 = m*q, 3*g = -2*q + 35. Calculate the remainder when 39 is divided by q.
9
Calculate the remainder when 4/5 + (-233685)/(-675) is divided by 344.
3
Suppose -v + 5*d - 40 = 0, 2*v + 76 = -3*d - 56. Calculate the remainder when (66/(-5))/(24/v) is divided by 9.
6
Suppose 4*f + 19*c - 3654 = 17*c, 2*f + 5*c = 1847. Suppose 2*h + 1814 = 2*g, h = 39*g - 40*g + f. What is the remainder when g is divided by 38?
35
Let j(a) = a**3 - 11*a**2 + 29*a - 66. What is the remainder when 817 is divided by j(9)?
25
Let q(r) = 3*r - 19. Let s(u) = -u. Let x(i) = q(i) - 4*s(i). Let h be x(3). Suppose -5*c + h*c + 39 = 0. Calculate the remainder when 49 is divided by c.
10
Let a = 7501 - 7481. Calculate the remainder when 2855 is divided by a.
15
Suppose 774*r - 402*r = 405*r - 48840. Calculate the remainder when r is divided by 6.
4
Let g = 157 + -150. Suppose n = -5*f - g, 0 = 2*n - 3*f - 0*f - 51. Calculate the remainder when 53 is divided by n.
17
Let c be -1*0/(-9)*-1. Suppose -2*s + 24 + 10 = c. Suppose -2*t = -58 - 74. Calculate the remainder when t is divided by s.
15
Suppose -4*m - 14 + 14 = 0. Suppose 3*i + l = 36 + 20, 4*i + 3*l - 83 = m. Calculate the remainder when i is divided by ((-8)/(-10))/(3/45).
5
Suppose f = -3*x + 2*f + 159, 2*x = -5*f + 89. Suppose w + w - x = 0. Calculate the remainder when w is divided by (3 - (-56)/(-12))/(310/(-1674)).
8
Let i(k) = 6*k + 1. Let p be (-27)/(-2)*(-4)/(-6). Let g be ((-30)/p)/(-1 + (-2)/(-6)). What is the remainder when i(g) is divided by 11?
9
Suppose 307*a = w + 305*a - 70, 0 = 4*w - 3*a - 275. Calculate the remainder when 148 is divided by w.
12
Let n(v) = -v**2 + 16*v + 7. Let s be n(7). Suppose -45 = -3*u - 5*h - 3, 5*u - s = -2*h. What is the remainder when 25 is divided by u?
11
Suppose 0 = 3*s - y - 1030, 0 = 5*s - 4*y - 575 - 1151. What is the remainder when s is divided by 160?
22
Let x(o) = -4*o + 10. Let k be x(7). Let f = -18 - k. Suppose f = -d + 10. What is the remainder when 48 is divided by d?
8
Let j(d) = 343*d**2 + 5*d - 4. Let i be j(1). Let o = i - 284. Calculate the remainder when o is divided by 33.
27
Let o = 448 - 445. Suppose -138 = 2*r - 3*r - d, 428 = o*r - 4*d. What is the remainder when r is divided by 24?
20
Suppose 60 + 12 = 9*l. What is the remainder when l is divided by (-1 - -6) + 3/(-33)*-11?
2
Let i = 15077 + -13957. Calculate the remainder when i is divided by 52.
28
Let m(l) = -l**2 + 6*l + 23. Let c be m(11). Let q = c + 38. Suppose -q - 130 = -8*u. Calculate the remainder when u is divided by 6.
5
Suppose -134*v + 132*v + 2*j - 6 = 0, 4*v - 60 = -4*j. What is the remainder when 1334 is divided by v?
2
Suppose 3*n - 10*n = -28. Suppose h + n*a = 4*h - 8, 0 = -a - 2. Suppose h = f + 3, 3*f = -3*b - b + 399. What is the remainder when b is divided by 21?
18
Suppose 11*o + 23*o - 288 = -2*o. Calculate the remainder when 622 is divided by o.
6
Suppose 230 = -5*z + 3*o, -10 = 3*o - 5*o. Let k = -40 - z. Suppose -4*n + 82 = -2*f, 0 = n - k*n - f + 43. What is the remainder when n is divided by 8?
5
What is the remainder when 1647 is divided by (-47124)/(-210) + 12/(-40)*-2?
72
Let a(w) = 37*w - 13. What is the remainder when a(11) is divided by (5/(-12) - 8/24)/((-3)/144)?
34
Let q(d) = 10*d**2. What is the remainder when (15 + 341/(-22))*-70 is divided by q(1)?
5
Let d(b) = -5*b - 169. Let a be d(-35). Suppose a*v - 34 - 416 = 0. Calculate the remainder when 220 is divided by v.
70
Let g = 11 + -5. Suppose 307*m = 244*m + 378. Calculate the remainder when g is divided by m.
0
Suppose 3 = 3*t + 2*u - 39, 4*t + 3*u = 57. Let m be -1082*(18/126)/((-4)/14). Suppose m + 86 = 11*d. What is the remainder when d is divided by t?
9
Suppose -245*w = -77*w - 1680. What is the remainder when 5938 is divided by w?
8
Calculate the remainder when 2482 is divided by -7*(-1)/(7 + -8) + (1 - -98).
90
Let g(a) = -8*a - 12. Let x be g(-3). Suppose -w = w - x. Suppose w*h - 37 - 17 = 0. Calculate the remainder when 21 is divided by h.
3
Let p = 189 + -188. Let v(x) = 106*x - 17. Suppose -13 = -k + 10. Calculate the remainder when v(p) is divided by k.
20
Suppose 3*q - 3*k - 1468 -